-7*g + 2*g - 11, -3*l = 4*g + 7. Suppose 25 + 8 = l*t. What is the remainder when t is divided by 3?
2
Suppose 217*l - 29414 = -9884. What is the remainder when 139 is divided by l?
49
Let p = 3117 + -2927. What is the remainder when p is divided by (-3 - 0) + 27/6*4?
10
Let f = -346 + 433. Let u be (5/(-4))/(6/48). Calculate the remainder when f is divided by (-254)/u + 18/(-45).
12
Suppose 5*c + 0*c + 1113 = -4*t, -2*c + 4*t - 462 = 0. Let w = 263 + c. Calculate the remainder when 52 is divided by w.
14
Suppose 5*p - 2*q = 122, 112 = 4*p - q + 3*q. What is the remainder when ((-32 + 32)/(2 + -1))/2 + 96 is divided by p?
18
Let z(u) = 242*u - 607. Calculate the remainder when z(7) is divided by 138.
121
Let u(c) = -17*c - 1. What is the remainder when 40 + 11960/(-300) - ((-10432)/(-30))/(-2) is divided by u(-1)?
14
What is the remainder when 544 is divided by (-5)/((-52)/78 + (-398)/(-606)) + 9?
30
Suppose 75 = t - 3*u, t - u = -5*u + 61. Suppose -348 = 10*p - 8*p. Let k = -156 - p. Calculate the remainder when t is divided by k.
15
Let z = -42 + 44. Let x be z + ((-20)/(-3) - 4/6). Suppose -6*w - x*w + 462 = 0. What is the remainder when w is divided by 17?
16
Let w = -330 - -395. What is the remainder when 316 is divided by w?
56
Suppose 790 = -10*b + 3350. Suppose -11*i = -118 - b. Suppose -6*v = -i - 14. Calculate the remainder when 9 is divided by v.
1
Suppose -5*c + n + 394 = 0, n + 157 = 2*c - 0*n. Suppose -4*f - 7 + c = 0. Calculate the remainder when 804/18*(-12)/(-8) is divided by f.
13
Let t(q) = q**2 + 22*q - 197. Calculate the remainder when t(30) is divided by 39.
37
Suppose t = 2*t + 43. Let l = -22 - t. What is the remainder when (3 + l + 3)*1 is divided by 15?
12
Suppose 2*u - 5*n = 1905 + 3474, 4*n + 13490 = 5*u. Calculate the remainder when u is divided by 17.
16
Let w(p) = -p**3 - p**2 + p - 3. Let c = -19 + 16. Let x be (c + 15/10)*2. Calculate the remainder when 45 is divided by w(x).
9
Suppose j - 4 = -0*j - 3*x, -5*j + 20 = 5*x. Let i = 1 + 63. Suppose -y + 4*b - 20 = -i, 5*y - 124 = -j*b. What is the remainder when 55 is divided by y?
27
Let p(z) = -2*z**2 - 7*z + 6. Let f be p(-9). Let v be 4/(1 + -1 + -2) - f. Let x = v - 59. Calculate the remainder when 125 is divided by x.
29
Let y = -80 - -245. Calculate the remainder when 218/4 - (3 + y/(-30)) is divided by 23.
11
Let k = 86 + 21. Suppose -127*z - 67*z + 5238 = 0. What is the remainder when k is divided by z?
26
Suppose -8495 = -24*b + 6*b + 13*b. What is the remainder when b is divided by 95?
84
Suppose 2*f = -2*f + 66996. Calculate the remainder when (-2)/(-9) - (-1 + f/(-81)) is divided by 21.
19
Suppose 1197*m - 18 = 1200*m. Calculate the remainder when 230 is divided by (-2464)/(-192) + (-1)/m.
9
Let o(j) = -7*j**2 + 110*j - 133. What is the remainder when 2502 is divided by o(13)?
108
Suppose n = -6*n + 1792. Let g = -208 + n. Calculate the remainder when g is divided by 18.
12
Suppose 3*g + 8*g - 1617 = 0. Let r = 111 + g. What is the remainder when r is divided by 29?
26
Let z = -18 - -10. Let r(h) = -h**2 - 12*h - 11. Let l be r(z). What is the remainder when (12/l)/((-8)/(-1036)) is divided by 15?
14
Suppose 127*h - 19439 - 829 = 9831. What is the remainder when 541 is divided by h?
67
Let p = 127 - 123. Suppose 4*a + p = -4*s, s - 14 = a - 5. Suppose h + 0*h = 5. Calculate the remainder when h is divided by s.
1
Suppose -5*t + 21 = -2*v, -2*t + 9*v - 6*v = -15. What is the remainder when 148 is divided by t?
1
Let b = 50 - 50. Let j be (45/9)/(b + 1). Suppose j*w - s - 100 = 457, s = 3*w - 335. What is the remainder when w is divided by 19?
16
Suppose -4*i + s = -19 + 35, -3*i - 5 = s. Calculate the remainder when -4*i/(-30) - 622/(-5) is divided by 32.
28
Let d be -4*1*(-11 + 2421/(-36)). Suppose -9*z = -d + 133. What is the remainder when 73 is divided by z?
13
Let t = -13938 + 18875. What is the remainder when t is divided by 308?
9
Let s(r) = r**3 + 3*r**2 - 2*r + 2. Suppose -7*h + 8*h + 4 = 0. Let u(n) = 2*n**2 + 5*n + 17. What is the remainder when u(h) is divided by s(-3)?
5
Let r = -19 - -27. Suppose -164 = -22*w - 89 + 35. Calculate the remainder when r is divided by w.
3
Suppose 125*x = 122*x + 30. Calculate the remainder when 22 is divided by (-11)/(-2)*((-40)/(-11))/x.
0
Let j be 4 + 30/6*-1. Suppose 0 = -p - 2*p + 6, -4*p = -2*q + 18. Calculate the remainder when 50 + (3/(-1) - (-1 + j)) is divided by q.
10
Let k = 294 - 290. Suppose 5*g - j - 3*j = 71, k*g - 3*j - 57 = 0. Calculate the remainder when 35 is divided by g.
5
Suppose k + 9 - 2 = 3*f, -2*f = 4*k - 28. Suppose 0 = 282*m + 5963 - 25703. Calculate the remainder when m is divided by f.
2
Suppose 161*q = 178*q + 102. What is the remainder when 131 is divided by -46*q/36*3?
16
Let w(g) = 6*g**2 + 77*g + 65. Calculate the remainder when 311 is divided by w(-12).
1
Suppose 3*k = 5*r - 4 + 83, k + 4*r - 32 = 0. Let a = 456 + -377. What is the remainder when a is divided by k?
23
Let f be 2/(-1) - (-378)/2*1. Let o = 484 - f. What is the remainder when o is divided by 50?
47
Let a(f) = 86*f - 8. Let q be a(-1). Let o = q - -151. Calculate the remainder when o is divided by 21.
15
Let f = 33 + -21. Let g be 161 - 3/f*4. Let a = g - 67. Calculate the remainder when a is divided by 48.
45
Let h = -326 - -212. Let q = 109 - h. What is the remainder when q is divided by 56?
55
Suppose 4 = 30*t - 29*t. Suppose -4*y = -7*y + 36. Calculate the remainder when 2/3 - (-52)/y is divided by t.
1
Suppose -31*t + 2024 = -23*t. Calculate the remainder when t is divided by 56.
29
Let j = -32 + 85. Let g = 102 - j. Suppose 3*f = -2*d + 885, 2*f = -2*f + 4*d + 1160. What is the remainder when f is divided by g?
48
Let k = 28 - 3. Let h be (-1)/((59/19 - 3)/(-6)). Let d = h + -13. Calculate the remainder when d is divided by k.
19
Suppose -3134 + 3110 = 4*b, 5*c = -4*b + 981. What is the remainder when c is divided by 196?
5
Let m(d) = -9*d - 32. Let v be m(-8). Suppose 14*f - 6*f = v. Calculate the remainder when ((-3)/f + 2)*455/13 is divided by 13.
10
Let c(g) = -276*g - 5568. Calculate the remainder when c(-32) is divided by 327.
321
Let o(m) = 15*m**2 + 37*m + 37. Let p(j) = -13*j**2 - 37*j - 35. Let t(y) = 5*o(y) + 6*p(y). Calculate the remainder when t(-10) is divided by 9.
0
Let j(l) = 28*l**2 + 1345*l + 129. Calculate the remainder when 267 is divided by j(-48).
24
Suppose 0 = 4*l - 5 - 27. Suppose -5*v + 4*v - u = 0, 2*u = -l. Suppose 2*n - 10 = v. What is the remainder when n is divided by 2?
1
Calculate the remainder when ((-15)/10)/(45/20) + 716/3 is divided by 30.
28
Suppose 3*t - 61 = 170. What is the remainder when t is divided by 69/6 - -2 - (-2)/(-16)*4?
12
Suppose 24 = 4*c - f, 4*c - 18 = 5*f + 22. Suppose -c*v + v = 0. Suppose -5*a = z - 19, 2*z + 2*z + 4 = v. What is the remainder when 21 is divided by a?
1
What is the remainder when 1358 is divided by (12/(-14))/(-3) - (45 - (-31560)/(-280))?
66
Let k(b) = b**3 + 22*b**2 + 82*b + 32. Calculate the remainder when k(-17) is divided by 14.
13
Let p(m) = -9*m - 86. Let u be p(-10). Let d(z) = z**3 - 2*z**2 + 6*z - 14. What is the remainder when d(u) is divided by 14?
0
Suppose 380 - 2519 = -3*h. Calculate the remainder when h is divided by 196.
125
Suppose -12*l - 490 = -14*l. Suppose -2*z + 101 = 4*p - 3*p, l = 5*z + 4*p. Calculate the remainder when z is divided by 18.
17
Suppose -632 = 7*m - 2676. What is the remainder when m is divided by 132?
28
Suppose 4*g + 94 = -18. Let v = 3 - g. Suppose -414 = -5*p + v. What is the remainder when p is divided by 15?
14
Suppose 6*a - 2*s - 16356 = 0, 14*s + 13628 = 5*a + 12*s. What is the remainder when a is divided by 76?
68
Let c(l) = -294*l + 31. Let w be c(-1). Suppose -39*b + 182 + w = 0. Suppose 0 = 4*k - 6 - 14. What is the remainder when b is divided by k?
3
Suppose 5*l + 2*z = 13014, 5*l + 19*z - 12965 = 24*z. What is the remainder when l is divided by 33?
26
Suppose 9765 = 6*l - 13959. Calculate the remainder when l is divided by 46.
44
Let k(y) = y**2 + y + 2. Let a be k(6). Suppose -f - n = -a, 0*f + 4*n = -f + 53. Calculate the remainder when f is divided by 0/1 - 0 - -4.
1
Suppose 0 = -4*j + j - 6. Let c(d) = d**3 + 20*d**2 + 5*d + 133. Calculate the remainder when c(-20) is 